t r be 3/(-12) + ((-6)/(-14))/(884/4641). Determine p(r).
7
Let y(j) = -11*j + 154. Let x be y(9). Suppose m = x - 58. Let n(b) = -2*b**2 - 5*b - 2. Give n(m).
-5
Let l be 10 + 6 + 265/(-53). Let f(r) = r**3 - 12*r**2 + 13*r - 5. Calculate f(l).
17
Let j(k) = -8*k**2 - k + 35. Let m(w) = w**2 - w + 7. Let n(c) = j(c) - 5*m(c). Calculate n(-3).
-129
Let j(z) be the first derivative of -2*z**2 - 48*z - 1196. Give j(-17).
20
Let a(l) = 1179*l + 1206*l - 2351*l - 2 + 5 - 1. What is a(0)?
2
Suppose 45*h + 144 = 39*h. Let k be (10/4)/((-30)/h). Suppose -4*l + k*l + 8 = 0. Let z(b) = -b + 2. Give z(l).
-2
Let q(u) = u**2 - 16*u + 43. Let s be ((1 - 1) + 3)*91/21. Let p be q(s). Let b be (-24)/p*(-3)/(-2). Let j(z) = -z**2 - 8*z - 3. What is j(b)?
-12
Let h(x) = -10*x**3 - 6*x**2 + 43. Let v(i) = 7*i**3 + 5*i**2 - 29. Let t(f) = -5*h(f) - 7*v(f). Let c be 10/20 - ((-11)/2 - -1). What is t(c)?
-12
Let u(b) be the third derivative of b**4/4 - 91*b**3/6 + 2915*b**2. Calculate u(14).
-7
Let t(f) = -f - 2. Suppose 324*w = 297*w - 50 - 31. Determine t(w).
1
Suppose o - 48 + 4 = 0. Suppose 3*w - o = -23. Let s(x) = 4 - 1 + x - 6 + 4. Determine s(w).
8
Let c(x) be the third derivative of -72*x**2 + 0 + 2/3*x**3 + 0*x - 1/6*x**4. Determine c(2).
-4
Let i(a) be the second derivative of -a**5/60 + a**4/24 + a**3/3 - 4*a. Let l(g) be the second derivative of i(g). Suppose 0 = -11*w - 44 + 55. Determine l(w).
-1
Let h(f) = -6*f + 4. Let z = -331 + 93. Let y be 136/z*-1*7. Determine h(y).
-20
Suppose 4*z + 5*w - 40 = 33, -32 = -2*z + 2*w. Let b(d) = -2*d + 42. Determine b(z).
8
Let m = -1746 - -1743. Let g(r) = -2 + 2*r + r - 1 - r**3 - 5*r. Give g(m).
30
Let w be 0/2 - (-2)/1. Let r(s) = -2*s**w + 2*s**2 - s**2 - 21. Suppose 281*p - 435 = -435. Determine r(p).
-21
Let d = 37 - 6. Suppose -23 = 2*u - d. Let k(v) = 4*v**3 - 3*v**3 - 2*v**2 - 2*v**2 - 1. Calculate k(u).
-1
Let f(b) = -2*b**3 + 2*b**2 - 3*b. Let j(x) = x**2 - x - 4. Let h be j(0). Suppose 0 = -85*d + 90*d + 30. Let r = h - d. Calculate f(r).
-14
Let q(p) = -5*p**3 + 8*p**2 + 12*p + 21. Let b(z) = -12*z**3 + 15*z**2 + 23*z + 39. Let y(m) = -3*b(m) + 7*q(m). Determine y(-9).
57
Suppose 19*y + 385 = 309. Let g(r) = -r**2 - 5*r + 2. What is g(y)?
6
Let d(v) = 10*v**2 + 6*v - 1. Let s(l) = 3*l**2 - l + 1. Let q(b) = d(b) - 3*s(b). Determine q(5).
66
Let j(g) = -g**3 + 8*g**2 - 3*g - 25. Suppose -14*v + 31 = -67. Let u be j(v). Let f(r) = 3*r - 6. Give f(u).
3
Let r(x) be the third derivative of -x**4/24 - 13*x**3/6 + 122*x**2 + 27*x - 4. Let t be (-11)/(0/(-2) + 1). Calculate r(t).
-2
Let w(v) = -2*v - 5. Suppose 9*i - 45 - 819 = 0. Let c = i - 100. Give w(c).
3
Let g(d) be the first derivative of 4*d**3/3 + d - 788. Determine g(1).
5
Let t(i) be the first derivative of i**4/4 + 8*i**3/3 - 5*i**2 - 13*i + 901. What is t(-9)?
-4
Let h(v) be the third derivative of -v**6/120 - v**5/5 - v**4/8 - 25*v**3/6 + 2455*v**2. Give h(-12).
11
Let w(p) be the third derivative of p**5/30 + 23*p**4/12 + 10*p**3/3 + 1520*p**2. Give w(-25).
120
Let u(h) be the third derivative of h**6/120 + 4*h**5/15 + 7*h**4/3 + 3*h**3/2 + h**2 + 3847*h. What is u(-5)?
4
Let w(j) = 6 - 22 + 6*j + 9 + j**2 + 5. Let u be 84/9 + (-2)/6. Let m = u - 15. What is w(m)?
-2
Let h(c) = 44*c + 71. Suppose -111*n + 5 = -115*n + 3*g, -2 = 3*n - 4*g. Calculate h(n).
-17
Suppose -16 = -5*i + 4*p + 3, p + 10 = 3*i. Let j(b) = -2 - 2*b**3 + i*b + 0*b - 3*b + b + b**2. Let u be 1 + -2 - (1 + 11)/(-4). Give j(u).
-12
Let p(j) = -2*j + 112 - 34 - 41 - 37. What is p(2)?
-4
Let f(a) = -a**3 - 1. Let o(c) = c**3 + 15*c**2 + 2*c - 20. Let i(b) = -2*f(b) - o(b). Let k be 18/10*(-7 + (-138)/(-9)). What is i(k)?
-8
Suppose 0*b = b + 7. Let r(u) = 945*u + 14. Let f(i) = 1102*i + 15. Let q(z) = -6*f(z) + 7*r(z). What is q(b)?
-13
Let u be 6 + 1 + (66/(-11))/(-6). Let v(f) = 5*f - u + f**2 + f - 3*f**3 + 4*f**3 - 7*f. Give v(0).
-8
Let l(r) = -8*r + 4 + 22*r - 8*r - 3*r**2 - 9*r. Let y(v) = v**3 - 5*v**2 - 3. Let t be y(5). Determine l(t).
-14
Suppose -3 = -143*v + 146*v - w, -2*v - w - 12 = 0. Let f(q) = -3*q - 30. What is f(v)?
-21
Suppose h - 13 = -n, -63 = -3*n - 2*h + 7*h. Let i(p) = -n + 6 + 4*p - 3*p + 0*p. Suppose 28*r - 147 = 7*r. Give i(r).
-3
Let t(g) be the second derivative of g**4/12 + 7*g**3/2 - 19*g**2 - g + 65. Determine t(-23).
8
Suppose 3*b = 13*b + 90. Let q(r) = -r**3 - 6*r**2 - 24*r - 10. Let p(x) = x**2 - x. Let o(y) = 5*p(y) - q(y). Determine o(b).
1
Suppose 0 = 2*c + c - 4*j - 32, 2*c - j = 18. Suppose c*o = 14 + 2. Let p(s) = -12 + 0 + 4*s - 5*s + o*s. Calculate p(5).
-7
Let j(v) = -v**2 - 54*v + 22 + 0*v**2 - 3*v**2 + 56*v + 2*v**2. Determine j(4).
-2
Suppose 24 + 18 = 6*q + 6. Let n(h) = -3*h**2 + 39. Calculate n(q).
-69
Let d(h) be the third derivative of -h**5/60 - h**4/6 + 4*h**3/3 + 358*h**2 - 1. Give d(-3).
11
Let f(c) = 3*c - 5. Let d(l) = l**3 + 6*l**2 - 2*l - 3. Let r be d(-6). Suppose 36 = r*x - 9. Determine f(x).
10
Let g(h) be the second derivative of 2*h**2 + 16*h + 0 + 1/10*h**5 + 1/2*h**3 + 1/3*h**4. What is g(-3)?
-23
Let v(k) = -21*k + 6. Suppose -54*i - 8*i = 42*i + 312. Give v(i).
69
Let u(y) = y**2 + 7*y - 8. Let l be (2/(-5))/(4/(-20)). Suppose 44 - 62 = l*i. Give u(i).
10
Let s(x) = 2*x**2 + 27*x - 99. Let o(n) = -2*n**2 - 27*n + 91. Let g(i) = 7*o(i) + 6*s(i). Determine g(-15).
-2
Suppose -49*y + 11 = -38*y. Let d(l) = -11*l**3 + 15*l - 22*l - y + 9*l. Give d(1).
-10
Let k(p) be the second derivative of -p**5/20 + p**4/2 + p**3 + 13*p**2/2 - p + 523. Give k(7).
6
Let l(f) be the first derivative of 5*f**2/2 + f - 1. Let p(i) = i**2 + i - 1. Let j(h) = l(h) - 2*p(h). Suppose -3332*s + 3410*s = -156. Determine j(s).
-11
Let x be 53/(-53)*(4/2 + -2). Let a(c) = -c + x*c**2 - 67 + c**2 - 64 + 129. Give a(0).
-2
Let s(r) = r**3 + 5*r**2 - 4*r - 10. Suppose -51*h - 3*d = -48*h, d + 24 = -5*h. Determine s(h).
-22
Let j(t) = -t**3 + 5*t**2 - 4*t + 2. Let l be ((-26)/(-5))/(6/15). Suppose -3*g - l = 6*i - 8*i, i = 5. Let k be g/(-2)*(11 - 7). Calculate j(k).
6
Let q(u) = 158*u**2 + 25*u - 41. Let m(t) = -73*t**2 - 12*t + 21. Let x(s) = 13*m(s) + 6*q(s). Determine x(-9).
0
Suppose 91*d - 88*d - 21 = 0. Let o(w) = 26*w - 5 + 6 - 3 - 25*w. Determine o(d).
5
Suppose 5*j = -59 + 29. Let d be (-2673)/(-5) - 6/(-15). Let t(x) = 528*x**2 - 3 - d*x**2 - x**3 - 5*x - 3*x. Calculate t(j).
9
Let k(l) = 125*l - 123*l + 331 - 353. Calculate k(4).
-14
Let r(v) = -201 - 32*v - 303 + 18*v + 40. Give r(-33).
-2
Let b(n) = 2*n**2 + 15*n + 16. Let g(f) = -206*f + 611. Let u be g(3). Determine b(u).
9
Let b(t) be the first derivative of t**2 - 32*t + 8510. Give b(11).
-10
Suppose -11*n + 12119 = -3457. Let v(q) = 7*q**2 + 3 - n*q**3 - q - 3*q + 1415*q**3 - 4*q. Calculate v(5).
13
Let v(b) = -2*b**2 - 78*b + 1. Let t be v(-39). Let o(a) = 3 - t - 2546*a + 2551*a. Suppose -4*i - 2 = -2*k, 4*k - i + 8 = i. Determine o(k).
-13
Let t(f) = -9*f - 54. Let q be t(-7). Suppose -q*r - 60 = 11*r. Let l(a) be the first derivative of -a**4/4 - a**3/3 + 3*a**2/2 - 4*a + 2. What is l(r)?
5
Suppose -a = -8*a - 259. Let s = a + 37. Let x(f) = -f - 8. Let i(c) = c + 9. Let r(g) = 6*i(g) + 5*x(g). Give r(s).
14
Let s(b) = -18*b + 21*b + 2 - 1 + 3. Let q(x) = -x**3 + 10*x**2 + 21*x + 31. Let m be q(12). Calculate s(m).
-11
Let z(n) = 19*n**2 - 1. Suppose 119 = 117*v + 353. Calculate z(v).
75
Let v(i) = -6*i - 4. Let m(c) = 41*c + 34. Let s(a) = -m(a) - 7*v(a). Suppose 0 = 8*y - 4*y - 28. What is s(y)?
1
Let c(y) = -y**3 + 6*y**2 - 3*y - 4. Let w(t) = -6 + 13*t**2 + 21 - 12*t**2 - 11*t. Let g be w(11). Suppose n = -2*n + g. Give c(n).
6
Let c(u) = -17 - 6 + 921*u - 853*u + 3*u**2. Give c(-23).
0
Let y(l) = 5*l**2 - 6*l + 8. Let f(x) = -11*x**2 + 12*x - 17. Let b(z) = 4*f(z) + 9*y(z). Let n = 115 + -130. Let j be 1/(-3) + (-95)/n. Calculate b(j).
4
Let y(a) = -5*a**3 - 2*a**2 + 1. Let w(k) = -k + 11. Let x be w(5). Suppose x*j - 5 = 1. Let p be 6/15*j + (-7)/5. Calculate y(p).
4
Suppose 15 = 5*p + 5*g, -11*g = -6*g - 5. Let d(r) = -10*r + 9*r**2 + 8*r + 14*r**2 - 3 + p. What is d(-1)?
24
Suppose -10 = 10*j - 2*s, -s + 5 = -37*j + 33*j. Suppose -5*k + 15 = -5*p, -p = -4*k + 4*p + 13. Let d(b) = b**k - 6 + 6*b - 6*b. Calculate d(j).
-6
Suppose -4*g + 28 = -0*g. Supp